 prime number?
True
Is 116183 a composite number?
True
Is 32233 a prime number?
True
Is 11065 prime?
False
Is 115459 a prime number?
True
Is 1636429 prime?
False
Is 99223 prime?
True
Is 5591 prime?
True
Is 867927 composite?
True
Is 7778 a composite number?
True
Is 39167 a prime number?
False
Is 1064563 a prime number?
False
Is 70139 a prime number?
True
Is 25523 a prime number?
True
Is 2927 prime?
True
Is 21661 composite?
False
Is 584009 a prime number?
False
Is 15793 composite?
True
Is 2047 composite?
True
Is 6103 a composite number?
True
Is 134165 a prime number?
False
Is 55985 composite?
True
Is 728765 a prime number?
False
Is 380033 composite?
True
Is 179897 a prime number?
True
Is 6959 prime?
True
Is 515737 a composite number?
False
Is 54543 a prime number?
False
Is 394123 a composite number?
False
Is 302721 a composite number?
True
Is 7177 a composite number?
False
Is 25001 prime?
False
Is 25937 a composite number?
True
Is 44853 prime?
False
Is 486241 prime?
False
Is 6739 composite?
True
Is 3293231 composite?
False
Is 916429 a prime number?
False
Is 25255 a prime number?
False
Is 15469 composite?
True
Is 30565 prime?
False
Is 28771 composite?
False
Is 8501 a composite number?
False
Is 1961 composite?
True
Is 322471 prime?
False
Is 48883 prime?
True
Is 503297 composite?
False
Is 79301 a prime number?
True
Is 63586 a prime number?
False
Is 26141 a composite number?
False
Is 77782 a composite number?
True
Is 71777 a prime number?
True
Is 66029 a composite number?
False
Is 229186 composite?
True
Is 13771 prime?
False
Is 77523 composite?
True
Is 318761 a composite number?
True
Is 107893 composite?
True
Is 1011389 a composite number?
True
Is 2026447 prime?
True
Is 37 composite?
False
Is 744539 prime?
True
Is 22367 composite?
False
Is 1115 a prime number?
False
Is 27533 a composite number?
True
Is 6761 a prime number?
True
Is 88745 a composite number?
True
Is 22045 a composite number?
True
Is 243299 a prime number?
False
Is 995 a prime number?
False
Is 6779 prime?
True
Is 22163 prime?
False
Is 545 a composite number?
True
Is 351749 prime?
True
Is 118019 a composite number?
True
Is 15659 a prime number?
False
Is 32434 prime?
False
Is 26081 a prime number?
False
Is 10319 prime?
False
Is 729515 prime?
False
Is 5779 a composite number?
False
Is 6299 a prime number?
True
Is 308663 a composite number?
False
Is 1183903 composite?
True
Is 330427 a prime number?
True
Is 23801 a prime number?
True
Is 271873 a composite number?
True
Is 15053 a prime number?
True
Is 2485801 composite?
False
Is 23501 prime?
False
Is 5221 a composite number?
True
Is 7501 a composite number?
True
Is 871651 a prime number?
False
Is 42589 composite?
False
Is 11366 a prime number?
False
Is 5141 a composite number?
True
Is 29297 a composite number?
False
Is 54121 a prime number?
True
Is 1298641 a prime number?
True
Is 2517 prime?
False
Is 53309 a prime number?
True
Is 679 a prime number?
False
Is 3369 prime?
False
Is 36463 a prime number?
False
Is 465259 composite?
False
Is 474137 composite?
False
Is 83365 a composite number?
True
Is 556159 a prime number?
True
Is 109859 prime?
True
Is 45707 a composite number?
False
Is 4493 composite?
False
Is 274179 a prime number?
False
Is 54031 a composite number?
True
Is 121123 prime?
True
Is 83101 a prime number?
True
Is 33541 a prime number?
False
Is 3683 composite?
True
Is 938603 a composite number?
True
Is 347 composite?
False
Is 453907 composite?
False
Is 10577 a composite number?
True
Is 49957 a composite number?
False
Is 103001 prime?
True
Is 719 composite?
False
Is 879 a composite number?
True
Is 1262741 composite?
False
Is 37951 composite?
False
Is 18635 prime?
False
Is 157091 prime?
False
Is 659 composite?
False
Is 3799 prime?
False
Is 2416903 composite?
False
Is 7841 composite?
False
Is 15259 a composite number?
False
Is 534805 composite?
True
Is 1685 a composite number?
True
Is 776857 a prime number?
False
Is 1642559 composite?
False
Is 15959 composite?
False
Is 455303 a composite number?
True
Is 366859 a composite number?
False
Is 376127 a prime number?
True
Is 102953 prime?
True
Is 226901 a prime number?
True
Is 30269 prime?
True
Is 112657 a prime number?
True
Is 2159321 a composite number?
True
Is 11239 a composite number?
False
Is 49273 composite?
True
Is 585091 composite?
True
Is 14969 prime?
True
Is 1597 a composite number?
False
Is 843883 prime?
True
Is 2971 prime?
True
Is 35339 composite?
False
Is 110947 a composite number?
False
Is 5981 composite?
False
Is 86269 a composite number?
False
Is 1817 a composite number?
True
Is 7039 a composite number?
False
Is 225569 a prime number?
True
Is 804017 prime?
True
Is 1411 a composite number?
True
Is 2735 prime?
False
Is 990167 prime?
False
Is 212311 a prime number?
False
Is 1604167 a composite number?
False
Is 325333 prime?
True
Is 5407 a composite number?
False
Is 176299 prime?
True
Is 3508139 a prime number?
True
Is 713 a prime number?
False
Is 26591 a prime number?
True
Is 1227 composite?
True
Is 12247 a prime number?
False
Is 827923 a prime number?
True
Is 4487 a prime number?
False
Is 126303 a composite number?
True
Is 3580691 prime?
True
Is 3957223 a prime number?
True
Is 64807 composite?
True
Is 4822 a composite number?
True
Is 90901 composite?
False
Is 99265 prime?
False
Is 718331 composite?
False
Is 1367 prime?
True
Is 525299 composite?
False
Is 20369 composite?
False
Is 15227 composite?
False
Is 14221 prime?
True
Is 174205 composite?
True
Is 970847 a composite number?
False
Is 25013 composite?
False
Is 25459 a composite number?
True
Is 7121 a prime number?
True
Is 6491 prime?
True
Is 12631 composite?
True
Is 9089 composite?
True
Is 692555 prime?
False
Is 1793 a prime number?
False
Is 11105 composite?
True
Is 38113 a prime number?
True
Is 109357 a composite number?
False
Is 45827 composite?
False
Is 87977 composite?
False
Is 11027 a composite number?
False
Is 34211 prime?
True
Is 135553 prime?
False
Is 357757 composite?
True
Is 12202 composite?
True
Is 1641043 prime?
True
Is 3163 composite?
False
Is 36523 a composite number?
False
Is 3541 a composite number?
False
Is 42157 a prime number?
True
Is 1522 a prime number?
False
Is 7159 a prime number?
True
Is 10091 prime?
True
Is 1784623 a composite number?
True
Is 38002 a composite number?
True
Is 18779 prime?
False
Is 49537 composite?
False
Is 619483 prime?
False
Is 2323 a prime number?
False
Is 95138 prime?
False
Is 4177 a prime number?
True
Is 15619 prime?
True
Is 24223 prime?
True
Is 1068635 a composite number?
True
Is 839 composite?
False
Is 75857 a composite number?
True
Is 182491 a composite number?
True
Is 568979 a prime number?
True
Is 8691 composite?
True
Is 395 a prime number?
False
Is 256415 a prime number?
False
Is 53681 composite?
False
Is 38257 a composite number?
True
Is 1016591 a composite number?
True
Is 78665 prime?
False
Is 93761 prime?
True
Is 8501 composite?
False
Is 20854 a prime number?
False
Is 27983 a composite number?
False
Is 10939 composite?
False
Is 11611 prime?
False
Is 1137 prime?
False
Is 628937 prime?
True
Is 1441117 composite?
False
Is 409597 a prime number?
True
Is 378597 a prime number?
False
Is 47459 prime?
True
Is 35011 prime?
False
Is 10391 a composite number?
False
Is 12557 composite?
True
Is 407821 prime?
True
Is 1633 a prime number?
False
Is 371617 a composite number?
False
Is 1358143 composite?
False
Is 396833 a composite number?
False
Is 4198 composite?
True
Is 8143 composite?
True
Is 44227 composite?
True
Is 22897 a prime number?
False
Is 24143 a composite number?
True
Is 424757 a composite number?
False
Is 10497 a composite number?
True
Is 5387 prime?
True
Is 21631 composite?
True
Is 2503 a composite number?
False
Is 101203 prime?
True
Is 55331 a composite number?
False
Is 43151 a prime number?
True
Is 266765 composite?
True
Is 83962 a prime number?
False
Is 52901 composite?
False
Is 280949 composite?
False
Is 1543 prime?
True
Is 974 prime?
False
Is 193463 a prime number?
True
Is 394087 composite?
True
Is 7193 a prime number?
True
Is 2253 composite?
True
Is 59009 a prime number?
True
Is 1483861 a composite number?
False
Is 16009 a prime number?
False
Is 3299 composite?
False
Is 1777 a prime number?
True
Is 509723 a prime number?
True
Is 293 a prime number?
True
Is 295411 a 